 1971211?
1
What is the millions digit of 4978273?
4
What is the units digit of 1065901?
1
What is the thousands digit of 1636965?
6
What is the ten thousands digit of 552691?
5
What is the hundred thousands digit of 408055?
4
What is the millions digit of 1702375?
1
What is the hundred thousands digit of 248794?
2
What is the tens digit of 2451944?
4
What is the thousands digit of 666617?
6
What is the hundreds digit of 1130167?
1
What is the hundreds digit of 216396?
3
What is the thousands digit of 20761?
0
What is the hundreds digit of 3666589?
5
What is the ten thousands digit of 294206?
9
What is the units digit of 8528356?
6
What is the thousands digit of 295476?
5
What is the ten thousands digit of 806217?
0
What is the thousands digit of 88826?
8
What is the ten thousands digit of 21288920?
8
What is the ten thousands digit of 2847216?
4
What is the thousands digit of 734346?
4
What is the units digit of 554194?
4
What is the ten thousands digit of 268957?
6
What is the tens digit of 500928?
2
What is the ten thousands digit of 117144?
1
What is the tens digit of 1865696?
9
What is the units digit of 27464?
4
What is the tens digit of 884365?
6
What is the hundreds digit of 1684607?
6
What is the hundreds digit of 101366?
3
What is the ten thousands digit of 6308509?
0
What is the hundred thousands digit of 835107?
8
What is the thousands digit of 263228?
3
What is the ten thousands digit of 1019551?
1
What is the thousands digit of 2798937?
8
What is the ten thousands digit of 19689254?
8
What is the ten millions digit of 15302670?
1
What is the thousands digit of 2935162?
5
What is the units digit of 788710?
0
What is the thousands digit of 11388146?
8
What is the units digit of 152053?
3
What is the thousands digit of 284391?
4
What is the hundreds digit of 6085289?
2
What is the tens digit of 8563?
6
What is the units digit of 3982442?
2
What is the hundred thousands digit of 1250154?
2
What is the units digit of 224307?
7
What is the thousands digit of 6318344?
8
What is the thousands digit of 12843350?
3
What is the hundred thousands digit of 1441683?
4
What is the units digit of 3018120?
0
What is the thousands digit of 602277?
2
What is the ten thousands digit of 193164?
9
What is the tens digit of 37830?
3
What is the ten millions digit of 10902357?
1
What is the hundred thousands digit of 138728?
1
What is the ten thousands digit of 1089551?
8
What is the ten millions digit of 16109403?
1
What is the ten thousands digit of 399873?
9
What is the ten thousands digit of 309449?
0
What is the hundred thousands digit of 1381199?
3
What is the tens digit of 182276?
7
What is the ten thousands digit of 114593?
1
What is the ten thousands digit of 912449?
1
What is the hundreds digit of 4329174?
1
What is the tens digit of 6693566?
6
What is the hundred thousands digit of 1570645?
5
What is the ten thousands digit of 241063?
4
What is the units digit of 1299524?
4
What is the units digit of 1422982?
2
What is the tens digit of 314386?
8
What is the thousands digit of 199830?
9
What is the hundred thousands digit of 397052?
3
What is the ten thousands digit of 524491?
2
What is the units digit of 1227769?
9
What is the thousands digit of 218180?
8
What is the units digit of 4727338?
8
What is the units digit of 55731?
1
What is the ten thousands digit of 683002?
8
What is the hundred thousands digit of 7313964?
3
What is the hundreds digit of 16595183?
1
What is the units digit of 1369016?
6
What is the millions digit of 1322239?
1
What is the ten thousands digit of 245863?
4
What is the hundred thousands digit of 365376?
3
What is the tens digit of 27284695?
9
What is the hundreds digit of 3439025?
0
What is the ten thousands digit of 27209?
2
What is the thousands digit of 1225883?
5
What is the ten thousands digit of 3841123?
4
What is the hundreds digit of 4354706?
7
What is the tens digit of 12963473?
7
What is the tens digit of 13994510?
1
What is the ten thousands digit of 188528?
8
What is the units digit of 4605663?
3
What is the units digit of 3756558?
8
What is the units digit of 8880047?
7
What is the thousands digit of 292550?
2
What is the tens digit of 6606310?
1
What is the hundreds digit of 182059?
0
What is the ten thousands digit of 43458?
4
What is the units digit of 26746646?
6
What is the units digit of 23228?
8
What is the ten thousands digit of 15632319?
3
What is the hundreds digit of 548023?
0
What is the hundreds digit of 392388?
3
What is the ten thousands digit of 1173422?
7
What is the hundred thousands digit of 115188?
1
What is the thousands digit of 9275?
9
What is the units digit of 406284?
4
What is the ten thousands digit of 34702?
3
What is the tens digit of 4181011?
1
What is the thousands digit of 942333?
2
What is the ten thousands digit of 22851355?
5
What is the hundreds digit of 1958025?
0
What is the hundreds digit of 1697097?
0
What is the thousands digit of 769828?
9
What is the ten thousands digit of 883940?
8
What is the ten thousands digit of 303812?
0
What is the tens digit of 220988?
8
What is the hundreds digit of 15509352?
3
What is the hundreds digit of 9153325?
3
What is the thousands digit of 913899?
3
What is the thousands digit of 938049?
8
What is the ten thousands digit of 1647722?
4
What is the units digit of 18489095?
5
What is the ten thousands digit of 9606099?
0
What is the millions digit of 3952978?
3
What is the ten thousands digit of 7484393?
8
What is the units digit of 999411?
1
What is the ten thousands digit of 105689?
0
What is the ten thousands digit of 3094273?
9
What is the tens digit of 8077851?
5
What is the millions digit of 1288788?
1
What is the units digit of 1272647?
7
What is the hundred thousands digit of 3502066?
5
What is the units digit of 219376?
6
What is the tens digit of 119759?
5
What is the ten thousands digit of 1756550?
5
What is the hundreds digit of 7258583?
5
What is the thousands digit of 165539?
5
What is the thousands digit of 2693621?
3
What is the hundreds digit of 1286873?
8
What is the hundreds digit of 908351?
3
What is the ten thousands digit of 206750?
0
What is the units digit of 1286655?
5
What is the hundreds digit of 8218209?
2
What is the ten thousands digit of 1407322?
0
What is the ten thousands digit of 278387?
7
What is the ten thousands digit of 190384?
9
What is the units digit of 557087?
7
What is the hundreds digit of 1174041?
0
What is the millions digit of 13593974?
3
What is the hundreds digit of 10877120?
1
What is the ten thousands digit of 22156303?
5
What is the hundreds digit of 761583?
5
What is the thousands digit of 58067?
8
What is the tens digit of 1446469?
6
What is the thousands digit of 191926?
1
What is the thousands digit of 3145580?
5
What is the hundreds digit of 202625?
6
What is the ten thousands digit of 97400?
9
What is the thousands digit of 75363?
5
What is the ten thousands digit of 1610265?
1
What is the thousands digit of 839674?
9
What is the ten thousands digit of 130658?
3
What is the ten thousands digit of 22216?
2
What is the tens digit of 43344?
4
What is the hundreds digit of 5985640?
6
What is the hundreds digit of 4578173?
1
What is the millions digit of 1278237?
1
What is the ten thousands digit of 1058154?
5
What is the hundred thousands digit of 628054?
6
What is the units digit of 10517305?
5
What is the hundred thousands digit of 19530240?
5
What is the millions digit of 12389662?
2
What is the tens digit of 92380?
8
What is the hundreds digit of 2586689?
6
What is the hundreds digit of 24494336?
3
What is the ten thousands digit of 951343?
5
What is the ten thousands digit of 103096?
0
What is the millions digit of 2989012?
2
What is the hundred thousands digit of 7285313?
2
What is the hundreds digit of 19062?
0
What is the tens digit of 612546?
4
What is the units digit of 2356518?
8
What is the units digit of 425051?
1
What is the ten thousands digit of 136262?
3
What is the ten thousands digit of 473009?
7
What is the hundreds digit of 762276?
2
What is the ten thousands digit of 1153943?
5
What is the tens digit of 32232?
3
What is the thousands digit of 18794797?
4
What is the thousands digit of 7725997?
5
What is the hundreds digit of 25528?
5
What is the ten